63
What is 17 (base 11) in base 9?
20
4b (base 14) to base 2
1000011
What is 33 (base 14) in base 11?
41
222 (base 4) to base 13
33
What is 7 (base 8) in base 10?
7
Convert 10100 (base 2) to base 4.
110
-18 (base 12) to base 3
-202
-201 (base 3) to base 4
-103
What is -1000110 (base 2) in base 13?
-55
What is -23 (base 8) in base 6?
-31
Convert 1 (base 13) to base 16.
1
-320 (base 10) to base 14
-18c
Convert 4 (base 12) to base 11.
4
Convert -12 (base 7) to base 16.
-9
Convert 0 (base 8) to base 9.
0
What is 15 (base 6) in base 16?
b
What is -158 (base 14) in base 5?
-2044
6 (base 11) to base 10
6
Convert -10 (base 3) to base 6.
-3
Convert -6 (base 11) to base 15.
-6
What is -a3 (base 12) in base 15?
-83
Convert -400 (base 10) to base 11.
-334
What is 1101 (base 3) in base 11?
34
-12 (base 14) to base 16
-10
What is 13 (base 6) in base 9?
10
Convert 2 (base 12) to base 4.
2
What is -163 (base 15) in base 4?
-10332
What is 5 (base 15) in base 5?
10
-101 (base 2) to base 10
-5
What is 3 (base 15) in base 11?
3
What is -5 (base 12) in base 9?
-5
Convert 116 (base 9) to base 15.
66
What is 1 (base 12) in base 14?
1
What is -7 (base 8) in base 3?
-21
-42 (base 16) to base 2
-1000010
-c1 (base 14) to base 2
-10101001
What is 5 (base 7) in base 10?
5
Convert 1b (base 15) to base 16.
1a
What is 1 (base 4) in base 2?
1
Convert 5 (base 9) to base 15.
5
Convert 1 (base 10) to base 3.
1
Convert 1101101 (base 2) to base 14.
7b
What is -101 (base 2) in base 3?
-12
What is 2 (base 13) in base 9?
2
-254 (base 6) to base 4
-1222
Convert -35 (base 14) to base 5.
-142
-1 (base 10) to base 7
-1
Convert 436 (base 7) to base 4.
3133
What is -102 (base 12) in base 4?
-2102
Convert -155 (base 9) to base 8.
-203
What is 0 (base 3) in base 15?
0
Convert 44 (base 6) to base 16.
1c
6 (base 15) to base 13
6
What is -1012 (base 6) in base 4?
-3200
22 (base 13) to base 16
1c
5 (base 11) to base 16
5
What is -4 (base 11) in base 4?
-10
10 (base 8) to base 13
8
Convert 240 (base 7) to base 11.
105
0 (base 12) to base 15
0
What is 28 (base 10) in base 16?
1c
Convert 2 (base 9) to base 3.
2
What is 0 (base 15) in base 3?
0
Convert -1 (base 16) to base 10.
-1
Convert 12 (base 3) to base 9.
5
What is -1d (base 16) in base 11?
-27
Convert -e3 (base 16) to base 2.
-11100011
Convert 27 (base 16) to base 10.
39
-10 (base 9) to base 15
-9
Convert -3d (base 16) to base 13.
-49
101 (base 5) to base 4
122
What is 183 (base 9) in base 14?
b2
What is 12 (base 4) in base 11?
6
7 (base 9) to base 4
13
-126 (base 12) to base 13
-105
What is 4 (base 11) in base 4?
10
-2 (base 16) to base 5
-2
15 (base 10) to base 13
12
What is 1d (base 15) in base 4?
130
What is -8 (base 11) in base 2?
-1000
Convert -1e (base 15) to base 9.
-32
What is -11 (base 4) in base 11?
-5
What is 11 (base 7) in base 15?
8
Convert -44 (base 5) to base 3.
-220
Convert 7 (base 9) to base 2.
111
-6 (base 14) to base 3
-20
-8 (base 9) to base 13
-8
What is -4d (base 14) in base 4?
-1011
What is -1b (base 12) in base 9?
-25
What is 2 (base 5) in base 8?
2
444 (base 5) to base 13
97
-16a (base 13) to base 11
-214
Convert 5 (base 8) to base 2.
101
1 (base 11) to base 2
1
80 (base 10) to base 16
50
What is 0 (base 11) in base 4?
0
Convert -a4 (base 13) to base 2.
-10000110
Convert 4 (base 14) to base 5.
4
23 (base 11) to base 9
27
What is -15 (base 12) in base 16?
-11
What is 0 (base 14) in base 8?
0
2 (base 4) to base 2
10
What is -21 (base 3) in base 14?
-7
-16 (base 7) to base 10
-13
What is 3 (base 16) in base 13?
3
-100 (base 3) to base 5
-14
What is 13 (base 14) in base 15?
12
What is 63 (base 9) in base 7?
111
What is 2 (base 5) in base 9?
2
Convert -2001 (base 4) to base 7.
-243
What is 23 (base 5) in base 8?
15
Convert -532 (base 7) to base 4.
-10030
Convert 70 (base 13) to base 12.
77
Convert 13 (base 4) to base 15.
7
Convert 201 (base 4) to base 9.
36
Convert -101 (base 2) to base 7.
-5
-6 (base 13) to base 7
-6
What is 14 (base 10) in base 16?
e
22 (base 8) to base 13
15
Convert 12 (base 8) to base 4.
22
What is e (base 16) in base 4?
32
-20 (base 3) to base 5
-11
Convert 1 (base 13) to base 15.
1
-1423 (base 5) to base 9
-284
Convert 69 (base 16) to base 6.
253
What is 113 (base 4) in base 8?
27
What is 4 (base 11) in base 16?
4
Convert -45 (base 9) to base 13.
-32
3 (base 4) to base 12
3
Convert 224 (base 5) to base 11.
59
10 (base 4) to base 2
100
267 (base 9) to base 2
11011111
64 (base 12) to base 4
1030
What is -11 (base 5) in base 7?
-6
520 (base 8) to base 15
176
What is -8 (base 11) in base 5?
-13
Convert -67 (base 8) to base 12.
-47
Convert -6 (base 15) to base 4.
-12
Convert 230 (base 7) to base 6.
315
What is -12 (base 11) in base 9?
-14
What is 0 (base 8) in base 6?
0
Convert 4b (base 15) to base 3.
2122
What is 100 (base 2) in base 8?
4
Convert -145 (base 8) to base 12.
-85
What is 116 (base 11) in base 14?
9c
11a (base 13) to base 14
da
What is 103 (base 9) in base 7?
150
What is -11210 (base 3) in base 14?
-93
Convert 76 (base 9) to base 4.
1011
-12 (base 16) to base 2
-10010
Convert -110 (base 2) to base 4.
-12
What is 110 (base 6) in base 10?
42
Convert -301 (base 4) to base 9.
-54
What is -18 (base 13) in base 15?
-16
Convert -13 (base 7) to base 10.
-10
Convert 5 (base 11) to base 10.
5
-9 (base 14) to base 10
-9
Convert 0 (base 14) to base 7.
0
6 (base 11) to base 2
110
10111 (base 2) to base 9
25
Convert -38 (base 12) to base 3.
-1122
Convert 73 (base 10) to base 4.
1021
Convert -25 (base 7) to base 10.
-19
Convert -110 (base 3) to base 15.
-c
Convert -5 (base 8) to base 16.
-5
Convert -100000 (base 2) to base 9.
-35
Convert 24 (base 13) to base 10.
30
What is 57 (base 10) in base 8?
71
Convert 2 (base 7) to base 10.
2
Convert 4 (base 8) to base 16.
4
Convert 12 (base 16) to base 14.
14
What is 20 (base 11) in base 4?
112
What is 1 (base 2) in base 7?
1
What is -23 (base 5) in base 10?
-13
Convert 0 (base 7) to base 15.
0
What is 9 (base 10) in base 11?
9
Convert -13 (base 7) to base 16.
-a
Convert -2 (base 9) to base 15.
-2
21 (base 10) to base 9
23
-4 (base 6) to base 10
-4
Convert -6 (base 10) to base 14.
-6
What is -4 (base 6) in base 5?
-4
Convert 10 (base 4) to base 7.
4
-3 (base 7) to base 6
-3
Convert -222 (base 3) to base 8.
-32
-450 (base 6) to base 11
-149
What is 6 (base 14) in base 6?
10
Convert -5 (base 10) to base 15.
-5
What is 12 (base 5) in base 10?
7
-7 (base 14) to base 2
-111
Convert 3 (base 14) to base 6.
3
Convert -5 (base 12) to base 10.
-5
13 (base 8) to base 13
b
-2 (base 6) to base 13
-2
What is -4 (base 12) in base 13?
-4
-2 (base 4) to base 9
-2
Convert -a (base 14) to base 6.
-14
-11 (base 6) to base 9
-7
2 (base 5) to base 10
2
0 (base 5) to base 2
0
-45 (base 12) to base 13
-41
What is -30 (base 4) in base 13?
-c
-458 (base 9) to base 10
-377
What is -10 (base 3) in base 9?
-3
What is -1 (base 16) in base 2?
-1
Convert 10210 (base 3) to base 5.
402
What is 11 (base 11) in base 16?
c
What is 26 (base 7) in base 13?
17
What is -8 (base 9) in base 3?
-22
Convert -6 (base 11) to base 6.
-10
Convert -330 (base 5) to base 3.
-10100
Convert 10 (base 3) to base 8.
3
Convert 16 (base 13) to base 6.
31
Convert -1 (base 12) to base 13.
-1
Convert -43 (base 6) to base 5.
-102
Convert -6 (base 10) to base 15.
-6
Convert 1 (base 6) to base 3.
1
-23 (base 11) to base 14
-1b
0 (base 7) to base 9
0
What is -3 (base 10) in base 7?
-3
What is -414 (base 6) in base 11?
-130
What is 11 (base 2) in base 11?
3
-26 (base 12) to base 4
-132
Convert -4 (base 7) to base 8.
-4
What is -10 (base 5) in base 9?
-5
3 (base 11) to base 14
3
What is 0 (base 14) in base 5?
0
Convert -1 (base 16) to base 5.
-1
-12 (base 4) to base 12
-6
What is 25 (base 11) in base 2?
11011
What is -c (base 13) in base 14?
-c
-5 (base 8) to base 11
-5
What is 210 (base 9) in base 15?
b6
Convert -67 (base 10) to base 9.
-74
What is 1 (base 16) in base 14?
1
Convert 7 (base 9) to base 10.
7
Convert 242 (base 6) to base 8.
142
10 (base 14) to base 13
11
-2 (base 12) to base 11
-2
Convert -36 (base 13) to base 8.
-55
Convert -4 (base 16) to base 6.
-4
-23 (base 7) to base 16
-11
What is 63 (base 12) in base 2?
1001011
Convert -1 (base 11) to base 15.
-1
Convert -15 (base 15) to base 7.
-26
Convert -210 (base 4) to